24 + f. Is u a prime number?
True
Let o be 15/5 + 3*-1. Suppose -5*t = -2*u - 6021, o*t - 5*u + 2391 = 2*t. Let z = t + -640. Is z a composite number?
False
Suppose -y = -1, 0 = -4*q - 3*y - 143 + 1374. Suppose -4*n + p + q = 0, 5*p + 175 = 5*n - 205. Is n a composite number?
True
Let c = -2754 - -4135. Is c composite?
False
Suppose 6 = 10*m - 8*m. Suppose b - m*t = 118, 0*b + b - 113 = 2*t. Is b a composite number?
False
Let o(v) = 101*v + 271. Is o(42) a composite number?
False
Let u(z) = -2*z**2 - 2*z - 1. Let t be u(2). Let b = 271 + t. Suppose -s + 144 = 3*n - 4*s, 0 = 5*n + s - b. Is n prime?
False
Let b(x) = -x**3 - 4*x**2 + 6*x + 3. Let a be b(-5). Let q be -3 + 3 + (a - -3). Is q/(((-9)/3)/(-3831)) composite?
False
Let b = -1033 + 386. Let l = -388 - b. Is l a prime number?
False
Let o be -830 + (-6)/24*4/1. Let j = o - -1238. Is j composite?
True
Suppose 103*a - 100*a - 7005 = 0. Suppose -4*b + a + 15613 = 0. Is b composite?
True
Let n = -2750 - -4929. Is n prime?
True
Is -9 + (-6080)/(3 + -11) composite?
False
Is 4133321/799 + (-2)/17 prime?
False
Suppose -7 = -5*a + 3. Suppose 20 = 6*d - 2*d - 4*s, 2*s = -a*d + 6. Suppose 185 = d*h + h. Is h composite?
False
Let z(g) = 341*g**2 + 29*g + 41. Is z(-6) composite?
False
Let z(l) = -8*l**2 + 9*l - 15. Let p be z(6). Let k = -107 + p. Let w = 687 + k. Is w composite?
False
Suppose -8*v + 49 = 17. Let f(o) = 8*o**3 + 3*o**2 + 4*o - 5. Is f(v) composite?
False
Suppose -12*v - 1 = -73. Let w(u) = 9*u**2 - 8*u + 17. Is w(v) composite?
False
Suppose 2570 - 10142 = -4*i. Is i composite?
True
Let w(u) = 56*u**3 + 4*u**2 - 3*u - 2. Is w(3) prime?
False
Suppose -b = -25 + 18. Is (b/(84/4696))/(4/6) composite?
False
Let y(c) = -c**3 + 5*c**2 + 6*c + 6. Let f be y(6). Suppose 5*b + f = 7*b. Is 1689/9 + (-2)/b prime?
False
Let i(k) = 7561*k + 6. Let g(w) = -7560*w - 5. Let q(l) = 7*g(l) + 6*i(l). Is q(-1) composite?
True
Suppose -2*c = 7*c - 1377. Is 174/9*c/(-6)*-1 a composite number?
True
Suppose i - 142 = y, 3*i + 0*i + 5*y - 434 = 0. Is i prime?
False
Suppose -h - g = 4*g - 29, 0 = -5*h + 4*g. Is (((-84)/(-9))/h)/((-3)/(-477)) composite?
True
Let l be 20/(-14) + -2 + (-18)/(-42). Is 4613 + (l - -5 - 6) prime?
False
Suppose 48*v - 1304031 = -21*v. Is v a composite number?
False
Let h = 18 - 48. Let i = h + 30. Suppose i = 6*b - 3*b - 2073. Is b composite?
False
Suppose 7*m = 22 + 6. Let q(n) = n**3 - 3*n**2 + 3*n + 7. Is q(m) prime?
False
Let c(o) = 234*o + 20. Let d be c(7). Let w = 2913 - d. Is w a composite number?
True
Let s = -39668 + 103709. Is s a prime number?
False
Suppose 0 = -n - 4*w - 3, 3*n = -n + 2*w + 42. Let z = n + -6. Is 2*471/18*z composite?
False
Let l = -1326 - -727. Let s = l + 996. Is s a prime number?
True
Suppose 67*j = -615488 + 6797511. Is j a prime number?
True
Let g(k) = -5*k - 3. Let w = 24 - 22. Suppose -w*q = 3*z + 16, -4*q + 0*q - 22 = z. Is g(q) a prime number?
False
Let k(g) = 6880*g**2 + 2*g + 3. Suppose 11*a = 13*a + 2. Is k(a) composite?
True
Let w = -2047 + 12878. Is w composite?
False
Let b = 4810 - 2477. Is b a composite number?
False
Let g = 40 + -5. Let h = g - 30. Suppose f - h*k = 526, -4*k = 5*f - 0*f - 2601. Is f prime?
True
Let f = -29 + 25. Is f - (-680 - (-2)/(-2)) a composite number?
False
Suppose -4*r - 2 = -6. Let i = 8 - r. Suppose 188 = -3*l + i*l. Is l a prime number?
True
Suppose -24*w - 26891 = -85619. Is w a composite number?
False
Let m be 10/(-15) + 16/6. Suppose 18 = m*f + 4*f. Is f composite?
False
Let g be (-5 + (-45)/(-6))*24/10. Suppose 4*z = -2*a - 6 + 38, 5*z - 70 = -5*a. Suppose 2*d - a - g = 0. Is d prime?
False
Let v = 39 - 6. Suppose 3*h + 29 = -u, -3*h - v = -2*u - u. Let a(z) = z**3 + 14*z**2 + 16*z + 13. Is a(h) a composite number?
True
Let q = -18 + 23. Suppose -4*g - q*s = -2*s - 1216, -319 = -g + 3*s. Is g composite?
False
Let f = 32 + -30. Suppose f*l + p + 4 = 2*p, 2*l = 2*p. Is l/2 + 17 + 326 composite?
True
Suppose 74*t - 81*t = -73577. Is t a prime number?
False
Let y = 67647 - 45280. Is y composite?
False
Let d be (-5 - -7)/((-2)/4). Is 0 - (-1008 + d)/4 composite?
True
Let i be (-1)/(-5)*-1 - 372/(-60). Let h(u) = -u**3 + 4*u**2 + 12*u + 4. Is h(i) prime?
False
Let i = -1359 + 568. Let r = i + 3350. Is r a composite number?
True
Suppose -3*c - c - m = -9, -2*c + 12 = -2*m. Suppose -c*n = 4*r + 82 - 1178, -2*n = 5*r - 1370. Is r a composite number?
True
Let u be 120/104 - (-4)/(-26). Suppose -h = u, t - 129 = 2*t + 5*h. Let i = t + 237. Is i composite?
False
Let f(k) = -k**3 + 32*k**2 - 14*k - 33. Is f(26) composite?
False
Let c(v) = -v**3 + 6*v**2 - 3. Let o(t) = 5*t**3 - 31*t**2 + 14. Let k(g) = -11*c(g) - 2*o(g). Let a be k(4). Suppose a*x = -988 + 3583. Is x prime?
False
Suppose -6*w + 1167 = 3*b - 2*w, -3*b + 1185 = -2*w. Let a = b - 232. Let y = -70 + a. Is y a composite number?
True
Suppose 0 = 4*d - 5*p - 3492, -d + 872 = 2*p - 3*p. Suppose 2*j + 2*j - 3537 = o, j - d = -3*o. Is j a prime number?
True
Is 137470/8 + 12/96*-6 a composite number?
False
Suppose 11*i - 7*i = r - 24477, -5*i = r + 30585. Let c = 9389 + i. Is c a prime number?
True
Let o = 1167 + -261. Let z = 2563 - o. Is z a prime number?
True
Let u be (15/(-10) - -1)/((-2)/(-16844)). Is (-8 - -6)/(2/u) a composite number?
False
Let c be (4/6)/(4*4/47184). Suppose 6*o = 4*o + c. Is o prime?
True
Let h(i) = -i**2 - 8*i - 5. Let m be h(-7). Suppose -m*p = -4*f + 2, -3*f - 5*p + 40 = 2*f. Suppose -4*c = 4*u - 9*c - 472, f*u - 3*c = 351. Is u prime?
True
Suppose 3*c - 19125 = -2*c. Suppose -p - c = -4*p. Suppose 3*l - 6 = p. Is l composite?
True
Let h(c) = -42*c**3 - c**2 + 30*c - 13. Is h(-6) a prime number?
False
Let b(j) = j**3 + 5*j**2 + 6*j - 7. Suppose 3*k = 5*t - 50, 4*k + 31 + 10 = 3*t. Let n be b(t). Let x = n - 336. Is x a composite number?
True
Suppose -5*d = -3*d - 6. Suppose -d*z + 275 = 2*z. Is z a prime number?
False
Let k(n) = 25*n**2 - 25*n + 39. Let b be k(18). Let x = b + -3272. Is x composite?
True
Let s be (-1 - 1)/(10/(-2515)). Suppose -3*c + 4*f + 385 = 0, 4*c + 2*f - s = -3*f. Is c composite?
False
Let x be 45/12 + (-1)/(-4). Suppose 0 = -j + 3*q - 3, -4*q + x = -0. Suppose -5*b + 433 + 622 = j. Is b prime?
True
Let f = 3241 + 9124. Is f prime?
False
Let l(j) = -3*j**2 + j + 2203. Is l(0) prime?
True
Let r(m) = -3*m**3 - 2*m + 2. Let z be r(-3). Suppose 0*n + n = -z. Is n/(56/20 + -3) prime?
False
Let t(g) = -3*g - 7. Let v be t(-9). Let w be v*-1*(-1)/4. Suppose 132 = w*z - z. Is z prime?
False
Let w = 42 + -31. Let i(t) = -3*t**2 + 18*t - 6. Let r be i(w). Let b = 208 - r. Is b a prime number?
True
Suppose 5*g - 4*u - 6 = -2*u, -3*g + 3*u = 0. Let k(s) = 26*s**2 + 2*s + 1 + 31*s**3 - 55*s**2 + 30*s**2. Is k(g) a prime number?
True
Let o(u) = -u**3 - 13*u**2 - 4. Is o(-15) composite?
True
Suppose 3*v = 4*g + 1255, -5 + 1 = g. Is v a prime number?
False
Suppose -4*b - 34 = -5*k, -4*b + b - 27 = -4*k. Is ((-764)/k)/((-14)/21) composite?
False
Suppose -3865 = -5*m + 7480. Let j = 270 + m. Is j a composite number?
False
Let x(n) = 831*n**2 - 9*n + 23. Is x(4) a composite number?
True
Suppose m + l - 3 = 0, 12 = -3*m + l + 1. Let y(x) = 45*x**2 - 4*x - 3. Is y(m) a prime number?
False
Let y(x) = 77*x**2 - 55*x - 251. Is y(-5) a composite number?
False
Suppose -6*t = -3386 - 1072. Is t composite?
False
Let b = 9 - 7. Suppose 0 = b*a - 15 + 5. Suppose a*s - 10 - 565 = 4*f, 0 = -4*s + 2*f + 466. Is s a prime number?
False
Let f be ((-168)/(-40))/(3/435). Let z = f - -188. Is z prime?
True
Let x = 84 - 38. Let h = x - 104. Let b = h - -95. Is b prime?
True
Let p be (4/3)/(4/114). Suppose -2*n - 3*w = -4*w - 114, -5*w - 66 = -n. Is (p/(-8))/((-2)/n) a prime number?
False
Let u(c) = 13870*c - 85. Is u(2) prime?
False
Let y = 442 - -6649. Is y a prime number?
False
Let n(w) = -w**2 + w. Let f(j) = j**2 - 16*j - 15. Let o(p) = -f(p) - 5*n(p). Let a be o(-6). Suppose -2*t + a + 409 = 0. Is t a composite number?
False
Let b(z) = -129*z - 12. Suppose 2*y - 3 = v, 0 = y - 4*y - 3. Is b(v) a prime number?
False
Let q = -9 + 16. Suppose -4*o - 546 = -q*o. Let m = 9 + o. Is m composite?
False
Let i(o) = 12*o**2 + 5*o - 8. Suppose 0 = -l + j + 7, 4*j = -2 - 6. Is i(l) a prime number?
True
Let h = -11 - -26. Let n(b) = 16*b + h*b**2 - 3 + 5